 the remainder when c is divided by k(-5)?
20
Suppose 7*j = 22 + 328. Let q = j - 30. What is the remainder when 36 is divided by q?
16
Let d(c) be the first derivative of -c**4/4 + 2*c**3 + c**2 - 7*c - 13. Calculate the remainder when 14 is divided by d(6).
4
Let l(p) = -p + 3. Let q be (8/5)/((-8)/40). Let b = -8 + 11. Calculate the remainder when l(q) is divided by b.
2
Let n be -2 - 10*(-1)/2. Suppose -n*m + 3*b = 7*b - 40, 5*m - 2*b = 84. Suppose -66 + 84 = 6*i. What is the remainder when m is divided by i?
1
Suppose 0 = -5*x + 3*x. Suppose x = -2*n + 1 + 7. What is the remainder when 10 is divided by n?
2
Suppose -y + 2*b = -b - 4, -4*b + 20 = 5*y. Suppose -3 = -3*s - g - 0, -4*g - 22 = -5*s. Suppose 7*i - 70 = s*i. What is the remainder when i is divided by y?
2
Suppose -v + 1 = -l, 4*v + 4 = 5*l + 7. What is the remainder when 131 is divided by v/(-3) - 83/(-3)?
23
Suppose -2*o = -5*o + 5*x - 37, 5*x - 29 = o. Let m = o - -10. Suppose -2*s + 7*s = 4*w + 12, 3*s + 5*w = 22. Calculate the remainder when m is divided by s.
2
What is the remainder when 446/5 - 23/115 is divided by 18?
17
Suppose -2*h = -u + 33, -4*u - h + 120 = -3*h. What is the remainder when u is divided by 18?
11
Let g be (-1)/(-3) - 14/(-3). Suppose 2*u = 7*u - 2*q - 114, 0 = 4*u + g*q - 78. Calculate the remainder when (-31)/(-2)*(5 - 1) is divided by u.
18
Let y = -98 - -89. Let w(x) = -4*x - 25. Suppose 6*r = r + 160. Calculate the remainder when r is divided by w(y).
10
Let v(d) = -5*d + 75. Let t be v(15). Suppose 11*s - 8*s - 126 = t. What is the remainder when s is divided by 9?
6
Suppose 0 = -4*i - 5*w + 120, -4*i = -w - 69 - 27. Calculate the remainder when i is divided by 7.
4
Calculate the remainder when 373 is divided by 606/24 + 5/(-20).
23
Suppose -14*f = -5*f - 540. Suppose -3*h = -3*m - f, 3*h - 85 + 19 = 5*m. Calculate the remainder when 67 is divided by h.
16
Suppose o + 285 - 293 = 0. Calculate the remainder when o is divided by 1.
0
Let j(p) be the third derivative of -7*p**6/40 + p**4/24 + p**3/6 + 2*p**2. What is the remainder when 82 is divided by j(-1)?
19
Let k(z) = z**2 - 4*z. Calculate the remainder when 299 is divided by k(11).
68
Let b(h) = -h**3 + 7*h**2 + 4*h - 19. What is the remainder when 305 is divided by b(5)?
50
Let h = -650 + 936. Calculate the remainder when h is divided by 24.
22
Let l = -102 - -105. What is the remainder when l is divided by (-12)/3*(-3)/12?
0
Let x(p) = -p**2 + 74. Suppose o = 128*j - 132*j + 15, -100 = -5*o + 5*j. What is the remainder when x(0) is divided by o?
17
Suppose 8 = 2*i - 92. Let t = -5 - -7. What is the remainder when i is divided by (-351)/(-21) - t/(-7)?
16
Let w(r) = r**3 - 9*r**2 + 13*r + 5. Let f be w(7). Let b(d) = -18*d - 12. What is the remainder when b(f) is divided by 5?
4
Suppose 4*b - 50 = -3*w + 10, -2*w - 80 = -4*b. Let k = b + -7. Calculate the remainder when 43 is divided by k.
10
Let j(z) = 12*z**2 - 189*z + 27. What is the remainder when j(17) is divided by 86?
24
Let r be 11/(11/(-4)) + 1. Let v(w) = -3*w**3 + 3*w**2 - 3*w. Calculate the remainder when v(r) is divided by 40.
37
Let a(o) = 3*o - 8. Let h be 9/(-2)*(-44)/33. What is the remainder when (-112)/6*57/(-38) is divided by a(h)?
8
Suppose 4*w - 178 = 146. Suppose u - w = -2*u. What is the remainder when u is divided by 12?
3
Let m(q) = 3*q**2 + 31*q - 183. Suppose 5*v - 4*v + p - 18 = 0, -3*p - 58 = -4*v. Calculate the remainder when m(-15) is divided by v.
11
Let n(r) = -16*r. Let u = -169 + 172. Suppose -u*i = -d + 6, -5*d - 2*i + 6 = -58. Calculate the remainder when n(-2) is divided by d.
8
Suppose 5*b = 3*i + 8, b + 2 = 3*i - 6. What is the remainder when 5 is divided by b?
1
Let j = -18 + 20. Let t(p) = p**2 + 14*p - 11. Let n be t(-15). Suppose 1 = -n*m + 9. What is the remainder when j is divided by m?
0
Suppose 5*v + b = -0*b + 68, 20 = 2*v + 4*b. Suppose -14*r - 13 = -111. What is the remainder when v is divided by r?
0
Suppose -b - 825 = -6*b + 5*d, -5*b - d = -825. Suppose -4*z = 17 - b. Calculate the remainder when z is divided by 13.
11
Let n = 5 + 37. Calculate the remainder when n is divided by (-1017)/(-63) + -1 + 2/(-14).
12
Suppose 0 = 3*j + 12, 2*b = 4*j + j + 28. Suppose -b*c = -8*c + 172. Let w = 74 - c. Calculate the remainder when w is divided by 17.
14
Let y(f) = 11*f**2 + 11*f + 21. Let c be y(-5). Suppose -8*t + 175 = -c. Calculate the remainder when t is divided by 14.
10
Let q(a) = -a**3 - 5*a**2 - 3*a - 26. Calculate the remainder when q(-6) is divided by 20.
8
Let a be (-18)/24 + 33786/24. Let y be (-4)/18 + (-87)/(-27). What is the remainder when ((-2)/y)/((-14)/a) is divided by 17?
16
Let h = 73 + 10. Let i(a) = -a**2 + a - 1. Let c(d) = -5*d**2 - 3*d + 5. Let p(y) = -c(y) + 4*i(y). What is the remainder when h is divided by p(-10)?
20
Let u be 6/(-8)*36/(-1). Suppose -4 = -4*g - 4*y, 0 = -6*g + 4*g + 3*y + u. What is the remainder when 21/((-2 + 1)/(-1)) is divided by g?
3
Let h be 21*(8/(-6))/(-4). Suppose 19 = -3*s + h, 38 = m + 2*s. Calculate the remainder when m is divided by (3/2)/((-3)/(-32)).
14
Let d(y) = y**3 + y**2 + 3*y - 6. Let z(i) = 3*i**2 + 7*i + 5. Let k be z(-2). What is the remainder when d(k) is divided by 10?
9
Let m(j) = 4*j + 2. Let o(g) = 2*g - 1. Let q be o(2). Calculate the remainder when 38 is divided by m(q).
10
Calculate the remainder when 96 is divided by (3 + -2 + 20/(-15))*-78.
18
Suppose 0 = -a - 32 - 3. Let w = a + 65. What is the remainder when w is divided by 4?
2
Let y = 118 + -71. Suppose 54*k = 58*k + 2*j - 104, -j - 78 = -3*k. Calculate the remainder when y is divided by k.
21
Suppose -4*y + 16 = -7*y + 5*c, y - c + 2 = 0. What is the remainder when 236 is divided by y?
2
Suppose -8*l = -61 - 67. Calculate the remainder when 76 is divided by l.
12
Let l = 1381 + -1306. Calculate the remainder when l is divided by (1 + -3)/(-1) - -14.
11
Let m = 278 + -70. What is the remainder when m is divided by 71?
66
Let j(a) = 5*a + 28. What is the remainder when 133 is divided by j(4)?
37
Suppose 2 = 2*w, 0*s + s + 2*w = 2. Suppose -2*h - 4 = -0*h, 2*r - 5*h - 52 = s. Let p = 26 - r. Calculate the remainder when 11 is divided by p.
1
Let o(f) = -f**3 - 5*f**2 + 3*f - 6. Calculate the remainder when 7/4*18 + 21/(-14) is divided by o(-6).
6
Suppose 4*p + z = 53 - 9, 3*z = 12. Calculate the remainder when 65 is divided by p.
5
Suppose 2*h + 43 = 3*m, m + 4 = h + 19. Calculate the remainder when 63 is divided by m.
11
What is the remainder when (5/4)/(6/(-1872)*-6) is divided by 22?
21
Let b(v) = -31*v - 4. Let s be (((-40)/(-2))/(-5))/(2*1). Calculate the remainder when b(s) is divided by 30.
28
Suppose 0 = 3*g - 37 - 173. Calculate the remainder when g is divided by 40.
30
Let v(z) = 0*z + 6 - 2 - z. What is the remainder when 53 is divided by v(-5)?
8
Let k be (9/6)/(2/4). Suppose -k*r + 4*r - 57 = 0. Let c = -170 + 182. What is the remainder when r is divided by c?
9
Let n(r) = 8*r**2 + 10*r - 135. Calculate the remainder when n(11) is divided by 45.
43
Let n(x) = -x**3 + 7*x**2 - 6*x - 3. Let w be n(6). Let y be 15 + -11 + w*1. Let o(a) = 66*a**2 - a + 1. What is the remainder when o(y) is divided by 17?
15
What is the remainder when 47 is divided by (4 + 0 + -11)*-1?
5
Suppose -8*o = -7*o - 33. Calculate the remainder when 361 is divided by o.
31
Suppose 2*w - 5*r = 123, 56 + 18 = w - 5*r. Calculate the remainder when 390 is divided by w.
47
Let y be (-1)/((-10)/3 + 3). Let p(n) = 3*n - 1. Let c be p(y). What is the remainder when 10 is divided by 4 + 4/c*-2?
1
Let n be (-112)/(-6) + (-8)/12. Suppose 0*w + 1 = -w, 0 = 2*p + 4*w - 196. Suppose -n = 2*v - p. Calculate the remainder when v is divided by 14.
13
Let r = -2415 - -2418. Calculate the remainder when 324 is divided by r.
0
Suppose m + 2*k - 30 = 0, 4*m - 120 = -3*k - 0*k. Suppose -m = -2*s + 24. What is the remainder when 2/(-12)*-4*s is divided by 4?
2
Let o be (0 - -5 - 1) + -2. Let s(z) = -z**2 + 12*z - 9. What is the remainder when o/4 + (-117)/(-6) is divided by s(10)?
9
Let l(q) = -36*q**3 + 4 + 3*q**2 - 5 - q + 37*q**3 - q**2. What is the remainder when 25 is divided by l(2)?
12
Suppose -f - 3*p = p - 11, -2*f - 4*p = -14. Let d = 3 - f. Let c = d + 29. Calculate the remainder when c is d